hat is 0 + -2818471?
-2818471
In base 9, what is -4002 - 66642?
-71644
In base 5, what is -333 + 140332104?
140331221
In base 5, what is 22430431212 + -1?
22430431211
In base 5, what is -10224400 - 13221?
-10243121
In base 13, what is b6a74 - 28?
b6a49
In base 10, what is 4638 - -632?
5270
In base 2, what is -1000100100010110011101100111 + -111?
-1000100100010110011101101110
In base 3, what is 121012220201012 - -2?
121012220201021
In base 5, what is 21 - -123201433?
123202004
In base 16, what is 5 + -77e7c27?
-77e7c22
In base 2, what is 10110010000 + 1010010010010010101?
1010010101000100101
In base 7, what is -106535204 - 4?
-106535211
In base 9, what is -16 + -8881208?
-8881225
In base 15, what is -1c7be83 + 0?
-1c7be83
In base 3, what is -11100202 - 11020101102?
-11101202011
In base 16, what is -125a4b8 - -2?
-125a4b6
In base 10, what is 0 + 8503117?
8503117
In base 8, what is -33261 - -1165?
-32074
In base 6, what is -1314 - -540220?
534502
In base 3, what is -20 - -1002221111011122?
1002221111011102
In base 9, what is -12545541 + 3?
-12545537
In base 3, what is -21 - -2011120002120?
2011120002022
In base 16, what is 20461 - 39?
20428
In base 5, what is 43440 + -2302?
41133
In base 4, what is -13110110 + -3022?
-13113132
In base 9, what is -5017 + 17642?
12624
In base 2, what is -1011010111 - 10000010000111001?
-10000011100010000
In base 2, what is -1 - 10010010111110100010000101?
-10010010111110100010000110
In base 13, what is -3954 + -1144?
-4a98
In base 14, what is -309 - -113017?
112b0c
In base 13, what is 6367a14 - 0?
6367a14
In base 2, what is -11011001010 + 110000011101100?
101101000100010
In base 5, what is -301234112323 + 4?
-301234112314
In base 14, what is -38927b33 - 4?
-38927b37
In base 10, what is -12 - -848707?
848695
In base 11, what is 14 - 5148a11?
-51489a8
In base 8, what is 1620 - -175032?
176652
In base 8, what is -10 - -1352514?
1352504
In base 10, what is 40385 + 96?
40481
In base 4, what is 20233131 - 3310?
20223221
In base 12, what is -8 + -4738b6?
-473902
In base 16, what is c33 - 93a?
2f9
In base 7, what is -15430521 - -3?
-15430515
In base 4, what is -1103331133321 - 1?
-1103331133322
In base 11, what is -39a2272 - 15?
-39a2287
In base 3, what is 112220021202 + -1002?
112220020200
In base 15, what is 19c8 - -10ea?
2ac3
In base 11, what is 3 - -104a791?
104a794
In base 8, what is 2106 - 136607?
-134501
In base 16, what is -e - -20b9203?
20b91f5
In base 16, what is -87 + -331cb5?
-331d3c
In base 10, what is -3 - 23467579?
-23467582
In base 13, what is 2730690 + -4?
2730689
In base 11, what is 651 + 80180?
80821
In base 2, what is 100001010 - -100100101110000?
100101001111010
In base 6, what is -5545543 - -40?
-5545503
In base 15, what is -c9d9 - -59?
-c980
In base 16, what is af8a + -1e?
af6c
In base 6, what is -1522 + -1540532?
-1542454
In base 6, what is 32551252 - -5?
32551301
In base 11, what is 610 - -752?
1262
In base 14, what is -5 + -3b0c44d?
-3b0c454
In base 2, what is 11011010000001000001011 - -10011?
11011010000001000011110
In base 5, what is 2233432304 - 3?
2233432301
In base 9, what is -1804 + -22362?
-24266
In base 11, what is 0 - 1176650?
-1176650
In base 4, what is 3022120200200 + 21?
3022120200221
In base 13, what is 41a6b5 - -5?
41a6ba
In base 15, what is b - 191ec4?
-191eb8
In base 15, what is bb59 - -202?
bd5b
In base 7, what is 3 - 32046405?
-32046402
In base 15, what is 326a0a2 - -1?
326a0a3
In base 16, what is -675a96 + -c?
-675aa2
In base 10, what is -715771 - 10?
-715781
In base 3, what is -102022112 + -1211212212?
-2021012101
In base 6, what is -5153522 - 23244?
-5221210
In base 3, what is -112 + 10202012000000?
10202011222111
In base 6, what is 20511441 + -13?
20511424
In base 4, what is -3112331213 - -222?
-3112330331
In base 15, what is 1c53b287 - 1?
1c53b286
In base 10, what is 7 - -2032440?
2032447
In base 14, what is -4977 - 11b?
-4a94
In base 13, what is 38 + 159a790?
159a7c8
In base 15, what is 87 - 1a7b6?
-1a72e
In base 9, what is 3 - -8184581?
8184584
In base 8, what is -141520 + -11537?
-153257
In base 13, what is 3380 + 1b9a?
524a
In base 7, what is 1142 + -652562?
-651420
In base 5, what is 12334211232 + -10?
12334211222
In base 2, what is 11 + -100100010010111001000001?
-100100010010111000111110
In base 2, what is 11000 + 10010111011000100101?
10010111011000111101
In base 2, what is -101001010111100100011 + 1101?
-101001010111100010110
In base 15, what is 2c25 - -11a4?
3dc9
In base 7, what is -232066 - -124?
-231642
In base 6, what is -21 + -10014503?
-10014524
In base 14, what is 1393 + -74c?
a45
In base 13, what is a3617 + -9c?
a3548
In base 15, what is -4899b7c + 3?
-4899b79
In base 15, what is 57 - d89034?
-d88ecc
In base 15, what is 4 + -12cd64?
-12cd60
In base 10, what is 842 - 404?
438
In base 14, what is 28173 - -166?
282d9
In base 13, what is 900432 - 1?
900431
In base 5, what is 4 - 4302031400?
-4302031341
In base 9, what is -312 - 182212?
-182524
In base 3, what is 21101101 - -1020200002?
1112001110
In base 11, what is -5 + -47a4550?
-47a4555
In base 2, what is 10011 + 1010110000100101010?
1010110000100111101
In base 7, what is 42610 + 3525?
46435
In base 8, what is -7112430 - -1?
-7112427
In base 2, what is -1001 - 1100101111001000101100?
-1100101111001000110101
In base 14, what is -80a306 + 6?
-80a300
In base 10, what is 175 - 40048?
-39873
In base 6, what is 21 + 35511455?
35511520
In base 11, what is 9263 + 272?
9525
In base 9, what is 155 - -11810?
12065
In base 3, what is -122102200012111 + -1?
-122102200012112
In base 5, what is 3031013434 + -31?
3031013403
In base 15, what is -40 - 270805?
-270845
In base 8, what is 5763 + -1606006?
-1600023
In base 14, what is -20 + -d76b?
-d78b
In base 10, what is -22614192 + -3?
-22614195
In base 12, what is 0 + -10ba04?
-10ba04
In base 13, what is 4c9 - aa84?
-a588
In base 5, what is 220 - -21333102?
21333322
In base 15, what is -524 + 6b9?
195
In base 9, what is 775716 + -105?
775611
In base 7, what is 5340 + -144616?
-136246
In base 10, what is -9898 + -49?
-9947
In base 15, what is -d88 - -615b?
52c3
In base 7, what is -22551 - 1260?
-24141
In base 12, what is -3a1 - 3a651?
-3aa32
In base 10, what is 2943433 + -4?
2943429
In base 6, what is -3445004 - 143?
-3445151
In base 2, what is -111100111010 + -1100011000000?
-10011111111010
In base 3, what is -2 - -11111220200201000?
11111220200200221
In base 7, what is 3 - 34446431?
-34446425
In base 11, what is 8aa36 + -11?
8aa25
In base 15, what is 0 - 114840c?
-114840c
In base 13, what is -3a + 9216b6?
921679
In base 4, what is 1112020 - -210001?
1322021
In base 7, what is -4 + -3636651404?
-3636651411
In base 9, what is -17573 + -13108?
-31682
In base 9, what is 42 - 1577608?
-1577556
In base 11, what is 267 + 2478571?
2478828
In base 8, what is 36714517 - 0?
36714517
In base 10, what is -637 + -23464?
-24101
In base 10, what is -9075 - -126514?
117439
In base 10, what is -6965 - -11566?
4601
In base 3, what is 12121011011 - -11100010?
12202111021
In base 5, what is 3 + -13022301224?
-13022301221
In base 10, what is -87275487 + 13?
-87275474
In base 15, what is -4 - -236a3d?
236a39
In base 13, what is -417c - 1791?
-5940
In base 12, what is 9 - -1a55127?
1a55134
In base 7, what is 1326016 + 254?
1326303
In base 14, what is -2 + -174202b?
-174202d
In base 2, what is -111001010 + -101000100011111?
-101001011101001
In base 4, what is -12 - -21230310331002?
21230310330330
In base 15, what is b25182a - 5?
b251825
In base 3, what is 12220220201021 + 12121?
12220220220212
In base 13, what is -4c + -2190ac?
-21912b
In base 5, what is -2011303300 + 141?
-2011303104
In base 6, what is -1421 - 10422345?
-10424210
In base 10, what is 4 - 3091754?
-3091750
In base 6, what is 2115134 + -10011?
2105123
In base 9, what is 1672672 + -26?
1672645
In base 8, what is 34 - 30662520?
-30662464
In base 3, what is -122 - 222222222101?
-1000000000000
In base 4, what is -1003201 - 301002?
-1310203
In base 6, what is -115211 - 1044024?
-1203235
In base 7, what is 0 - -26520142?
26520142
In base 16, what is -c64670 - 0?
-c64670
In base 4, what is -10030020300 + -202?
-10030021102
In base 4, what is 2312033 + 30?
2312123
In base 12, what is -1b08a962 + -1?
-1b08a963
In base 5, what is 3 - 201430